y 14.
12
Suppose 18*y = 42*y - 288. What is the remainder when 95 is divided by y?
11
Let g(u) = u**3 - u**2 - 7*u - 5. Calculate the remainder when 43 is divided by g(4).
13
Suppose 4*q = 6*q - 5*r - 114, 0 = -5*q - 4*r + 285. What is the remainder when 69 is divided by q?
12
Suppose -2*m - 2*c - 6 = 0, -3*m - 5*c - 24 + 5 = 0. Suppose 41 = m*p - 5. Let j(t) = -27*t + 2249. What is the remainder when p is divided by j(83)?
7
Suppose -4*i + g = -151, 4*i - 2*g - 148 = 2*g. Let m(p) = -6*p**3 - 2*p + 6. Let a be m(-3). Let q = -25 + a. What is the remainder when q is divided by i?
35
Let b(o) = -o**3 + 8*o**2 + 2*o - 9. Let u(p) = -p**3 + 8*p**2 + 3*p - 10. Let j be ((-4)/8)/((-2)/32). Calculate the remainder when b(7) is divided by u(j).
12
Let d(c) = -c**3 + 5*c**2 - 3*c + 1. Suppose -5*n + 74 = 13*q - 10*q, 3*q - 67 = 2*n. Calculate the remainder when q is divided by d(4).
3
Let a = 248 - 236. Calculate the remainder when 177 is divided by a.
9
Let k(c) = -c + 20. Let a(y) = -2*y - 8. Let x be a(-5). Calculate the remainder when k(0) is divided by (-174)/(-24) - x/8.
6
Let l = 20 - 20. Suppose -4*t - 3*c + 141 = 0, l*t - 5*c + 81 = 2*t. What is the remainder when t is divided by (-261)/(-15) + (-3)/(-5)?
15
Suppose -3*a + 303 = -3*s - 447, -5*a + 3*s = -1246. Calculate the remainder when a is divided by 86.
76
Suppose 0 = -11*o + 9*o + 6. Suppose -o*g - 4*p - p + 107 = 0, 16 = 4*p. Let t(v) = 4*v**3 - 2*v**2 - v - 2. What is the remainder when t(3) is divided by g?
27
Let p(f) = f**2 + 3*f + 3. Let o be p(-3). Suppose o*r - 2 = 76. Let n(a) = a**3 - 7*a**2 + 7*a + 1. What is the remainder when r is divided by n(6)?
5
Suppose 5*b = -9*b + 644. Calculate the remainder when 274 is divided by b.
44
Suppose t - 26 + 12 = 0. Suppose 74 = t*q - 108. Calculate the remainder when 37 is divided by q.
11
Let a(i) = -2*i**2 - 56*i + 7. What is the remainder when a(-26) is divided by 15?
6
Suppose -4*j + 4 = -2*l, -l - 3*j + 6 = -2*l. Let u be ((-8)/l + 2)*33. What is the remainder when 19 is divided by 2/4 + 143/u?
5
Let a = -579 + 610. Calculate the remainder when 183 is divided by a.
28
Calculate the remainder when (-121249)/(-74) + 7/(-2) is divided by 63.
60
Let i(r) = 10*r + 20. Calculate the remainder when 158 is divided by i(4).
38
Let a(d) = d + 1. Let k(v) = 2*v**2 - 11*v + 12. Let p be k(7). Let n = -29 + p. Calculate the remainder when a(5) is divided by n.
2
Let z = 136 + -126. Suppose 0 = 15*r - z*r - 15. Suppose 2*w - 6 = y, 3*w = -2*w - 5*y. Calculate the remainder when r is divided by w.
1
Let r = 347 + -297. Calculate the remainder when r is divided by 26.
24
Let t be ((-26)/(-7))/((-12)/(-504)). Let f(l) = 238*l**2 + 1. Let k be f(-1). Let h = k - t. Calculate the remainder when h is divided by 21.
20
Let g(f) = -f**2 + 14*f - 6. Suppose 5*c - 59 = -14. Calculate the remainder when 115 is divided by g(c).
37
Suppose u + q + 494 = 6*u, 2*u = q + 197. What is the remainder when u is divided by 20?
19
Suppose -3*r + 151 = -2*u, -5*r = -2*u - 139 - 118. Calculate the remainder when r is divided by (3 + -4)*28/(-2).
11
Suppose 5*m = 152 + 583. Suppose 3 = -4*y + y. Calculate the remainder when m is divided by (-2 - y)*(-7 + -30).
36
Let v(t) be the third derivative of t**5/60 + 3*t**4/8 - 3*t**3/2 + 13*t**2. Calculate the remainder when v(5) is divided by ((-32)/3)/((-2)/6).
29
Let f(n) = n**3 + 6*n**2 + 3*n + 1. Let q = -35 + 32. What is the remainder when 70 is divided by f(q)?
13
Suppose -c - 2*k + 51 = 2*k, 0 = -3*c - 2*k + 103. Let q be (-267)/(-6) - 1*(-2)/(-4). Suppose 5*l = q + 251. What is the remainder when l is divided by c?
28
Let b(l) = -7*l**3 - 4*l**2 + 2*l - 9. Let t be b(-4). Suppose -5*d + 3*h + 19 = -t, 4*h + 8 = 0. What is the remainder when d is divided by 16?
12
Suppose -2*g + 4*f + 200 = 0, -2*g + f + 227 = 6*f. What is the remainder when g is divided by 11?
7
Suppose y - 16 = d + 176, -5*y + 968 = -d. What is the remainder when y is divided by 39?
38
Suppose -22 = -4*o + 6. Let h = -7 + o. Suppose h = 5*s + w - 95, -6*w + 4*w = -4*s + 90. What is the remainder when 98 is divided by s?
18
Let q = 38 + 23. Calculate the remainder when q is divided by 25.
11
Let d(b) = 7*b - 38. Let y(x) = -x. Let o(w) = -d(w) - 6*y(w). Calculate the remainder when 2/((-2)/(-29))*1 is divided by o(28).
9
Let j = 94 - 49. Suppose j = 6*k + 3. What is the remainder when 1*-1*1 + 21 is divided by k?
6
Suppose 44*l - 156 = 41*l. Calculate the remainder when l is divided by 11.
8
Let g = -112 - -397. What is the remainder when g is divided by 32?
29
Let h(i) = -2*i**2 + 2*i - 3. Let b be h(3). Let t = 14 - b. What is the remainder when 19/(-3)*(5 + -23) - 1 is divided by t?
26
Suppose 0 = 7*s - 5*s - 16. Let a be 20/(-6)*36/s. Let i = -12 - a. What is the remainder when 10 is divided by i?
1
Calculate the remainder when 420 is divided by (-2 + -533)/(-5) - (2 - 1).
102
Let h(x) = -x**3 - 23*x**2 + 49*x - 16. What is the remainder when 24 is divided by h(-25)?
6
Let s(r) = r**3 - 6*r**2 - 6*r + 2. Let w be s(7). Suppose -w*t = -20 - 25. What is the remainder when 17 is divided by t?
2
Let n be -1 - -6 - (-6 + 9). What is the remainder when 190 is divided by 231/5 + n - 3/15?
46
Let p(t) = 2*t + 4. Let i be p(15). Suppose j = -d + 16 + i, -4*j - 232 = -4*d. Calculate the remainder when 215 is divided by d.
53
What is the remainder when (-48510)/(-1666) + 4/(-34) is divided by 19?
10
Let y = 0 + 53. What is the remainder when y is divided by 20?
13
Let z(y) = 3*y + 32. Calculate the remainder when z(7) is divided by 9.
8
Calculate the remainder when 3 - (-1 + 10 - 965) is divided by 31.
29
Suppose 0*r + r = o - 14, -o = r - 10. Let g = o - 7. What is the remainder when g is divided by (5 + 1)*(261/(-27) + 10)?
1
Let v = -50 - -26. Let j(p) = -p**3 - 24*p**2 + 13. Calculate the remainder when j(v) is divided by 2.
1
Suppose 3*s = -0*s - 5*j + 4, 16 = -4*s + 4*j. Let k(l) = -3*l**3 - 3*l**2 - l - 1. Calculate the remainder when 38 is divided by k(s).
12
Let x = -15 - -9. Let w(a) = -a + 2. Let s(i) = 2*i**2 + 12*i - 5. Let y(f) = s(f) + 3*w(f). What is the remainder when 73 is divided by y(x)?
16
Suppose 3*i - 274 = 1913. Calculate the remainder when i is divided by 43.
41
Let t = 117 + -85. Let z = 5 + 6. What is the remainder when t is divided by z?
10
Let r be 1*2/(-10) - 42/(-10). Suppose 3*a = 5*u - 233, 0*a + 4*a + 188 = r*u. What is the remainder when u is divided by 8?
6
Let a(w) = -w + 14*w**2 - 9*w**2 - 21 - 7*w. What is the remainder when a(-6) is divided by 42?
39
Let u = 27 - 22. Suppose 3*x + u*y - 19 = 0, -44 = -x - 3*x - 2*y. Calculate the remainder when 64 is divided by x.
12
Calculate the remainder when -7 - (168/(-15))/(50/1625) is divided by 45.
42
Suppose 2*r + h = 6*r - 145, 3*r - 112 = 4*h. Suppose 0 = 2*j - r + 12. Calculate the remainder when j is divided by 2*-1 + -1 + (10 - -1).
4
Suppose 0 = 4*d + 5*l - 4 - 17, l = 1. Suppose 0*h - 216 = -d*n - 2*h, -3*n + 164 = 2*h. Calculate the remainder when n is divided by 9.
7
Let x = -292 + 307. What is the remainder when 28 is divided by x?
13
Suppose 154 = 13*n - 12*n - 4*d, 5*n + 2*d - 726 = 0. What is the remainder when n is divided by ((-74)/(-6))/((-4)/(-12))?
35
Let n = -87 + 155. Calculate the remainder when n/2 - -5*4/(-20) is divided by 9.
6
Let s = 132 + -108. Calculate the remainder when 92 is divided by s.
20
Suppose 70 = 7*w - 77. Calculate the remainder when 41 is divided by w.
20
Suppose -2*b = 3*b + 5, -22 = -5*g - 3*b. Calculate the remainder when 17 is divided by g.
2
Suppose 12 + 2 = 2*n. Let z be -3*(14/(-6))/n. Calculate the remainder when 18 is divided by ((-6)/6)/(z/(-11)).
7
Suppose 0 = -3*p - 4*d + 466, -2*p + 5*p - 3*d - 459 = 0. Suppose 13*m - 41 = p. What is the remainder when 56 is divided by m?
11
Let f(t) be the third derivative of 2*t**5/15 - t**4/12 + 3*t**3/2 + 2*t**2. What is the remainder when f(3) is divided by 11?
9
Calculate the remainder when 25 is divided by (-1 - 23)*7/(-14).
1
Suppose 4*y = 5*h - 1 + 51, 14 = y - 2*h. Suppose 8*j + 230 = y*j. Calculate the remainder when j is divided by 13.
11
Suppose -8 = -z + 7. Suppose z = -5*l + 150. Calculate the remainder when l is divided by 7.
6
Suppose 2*f = -8*f + 790. What is the remain